{"id":19,"date":"2020-05-12T16:00:51","date_gmt":"2020-05-12T14:00:51","guid":{"rendered":"http:\/\/leclaireur.ovh\/?page_id=19"},"modified":"2021-03-12T16:36:03","modified_gmt":"2021-03-12T15:36:03","slug":"ils-en-parlent","status":"publish","type":"page","link":"http:\/\/leclaireur.ovh\/index.php\/ils-en-parlent\/","title":{"rendered":"ILS EN PARLENT"},"content":{"rendered":"\n<p class=\"has-text-align-center has-medium-font-size\"><strong>QUELQUES ARTICLES DE PRESSE<\/strong><\/p>\n\n\n\n<p><strong>Pour une lecture plus facile : Ouvrir la page dans un nouvel onglet (clic droit sur la page). Zoom possible.<\/strong><\/p>\n\n\n\n<figure class=\"wp-block-image size-large\"><img loading=\"lazy\" width=\"1024\" height=\"769\" src=\"http:\/\/leclaireur.ovh\/wp-content\/uploads\/2021\/03\/Dauphine-21_04_2017-Final-C-1024x769.jpg\" alt=\"\" class=\"wp-image-788\" srcset=\"http:\/\/leclaireur.ovh\/wp-content\/uploads\/2021\/03\/Dauphine-21_04_2017-Final-C-1024x769.jpg 1024w, http:\/\/leclaireur.ovh\/wp-content\/uploads\/2021\/03\/Dauphine-21_04_2017-Final-C-300x225.jpg 300w, http:\/\/leclaireur.ovh\/wp-content\/uploads\/2021\/03\/Dauphine-21_04_2017-Final-C-768x577.jpg 768w, http:\/\/leclaireur.ovh\/wp-content\/uploads\/2021\/03\/Dauphine-21_04_2017-Final-C-1536x1154.jpg 1536w, http:\/\/leclaireur.ovh\/wp-content\/uploads\/2021\/03\/Dauphine-21_04_2017-Final-C-2048x1539.jpg 2048w\" sizes=\"(max-width: 1024px) 100vw, 1024px\" \/><\/figure>\n\n\n\n<figure class=\"wp-block-image size-large\"><img loading=\"lazy\" width=\"935\" height=\"1024\" src=\"http:\/\/leclaireur.ovh\/wp-content\/uploads\/2021\/03\/Dauphine-14_03_2018-Final-C-935x1024.jpg\" alt=\"\" class=\"wp-image-789\" srcset=\"http:\/\/leclaireur.ovh\/wp-content\/uploads\/2021\/03\/Dauphine-14_03_2018-Final-C-935x1024.jpg 935w, http:\/\/leclaireur.ovh\/wp-content\/uploads\/2021\/03\/Dauphine-14_03_2018-Final-C-274x300.jpg 274w, http:\/\/leclaireur.ovh\/wp-content\/uploads\/2021\/03\/Dauphine-14_03_2018-Final-C-768x841.jpg 768w, http:\/\/leclaireur.ovh\/wp-content\/uploads\/2021\/03\/Dauphine-14_03_2018-Final-C-1403x1536.jpg 1403w, http:\/\/leclaireur.ovh\/wp-content\/uploads\/2021\/03\/Dauphine-14_03_2018-Final-C-1871x2048.jpg 1871w\" sizes=\"(max-width: 935px) 100vw, 935px\" \/><\/figure>\n\n\n\n<figure class=\"wp-block-image size-large\"><img loading=\"lazy\" width=\"1002\" height=\"1024\" src=\"http:\/\/leclaireur.ovh\/wp-content\/uploads\/2021\/03\/Dauphine-23_03_2018-Final-C-1002x1024.jpg\" alt=\"\" class=\"wp-image-787\" srcset=\"http:\/\/leclaireur.ovh\/wp-content\/uploads\/2021\/03\/Dauphine-23_03_2018-Final-C-1002x1024.jpg 1002w, http:\/\/leclaireur.ovh\/wp-content\/uploads\/2021\/03\/Dauphine-23_03_2018-Final-C-293x300.jpg 293w, http:\/\/leclaireur.ovh\/wp-content\/uploads\/2021\/03\/Dauphine-23_03_2018-Final-C-768x785.jpg 768w, http:\/\/leclaireur.ovh\/wp-content\/uploads\/2021\/03\/Dauphine-23_03_2018-Final-C-1502x1536.jpg 1502w, http:\/\/leclaireur.ovh\/wp-content\/uploads\/2021\/03\/Dauphine-23_03_2018-Final-C-2003x2048.jpg 2003w\" sizes=\"(max-width: 1002px) 100vw, 1002px\" \/><\/figure>\n\n\n\n<figure class=\"wp-block-image size-large\"><img loading=\"lazy\" width=\"588\" height=\"842\" src=\"http:\/\/leclaireur.ovh\/wp-content\/uploads\/2021\/03\/Bulletin-Municipal-07_2018-Final-copie.jpg\" alt=\"\" class=\"wp-image-790\" srcset=\"http:\/\/leclaireur.ovh\/wp-content\/uploads\/2021\/03\/Bulletin-Municipal-07_2018-Final-copie.jpg 588w, http:\/\/leclaireur.ovh\/wp-content\/uploads\/2021\/03\/Bulletin-Municipal-07_2018-Final-copie-210x300.jpg 210w\" sizes=\"(max-width: 588px) 100vw, 588px\" \/><\/figure>\n\n\n\n<figure class=\"wp-block-image size-large\"><img loading=\"lazy\" width=\"588\" height=\"842\" src=\"http:\/\/leclaireur.ovh\/wp-content\/uploads\/2021\/03\/Bulletin-Municipal-12_2018-Final-copie.jpg\" alt=\"\" class=\"wp-image-791\" srcset=\"http:\/\/leclaireur.ovh\/wp-content\/uploads\/2021\/03\/Bulletin-Municipal-12_2018-Final-copie.jpg 588w, http:\/\/leclaireur.ovh\/wp-content\/uploads\/2021\/03\/Bulletin-Municipal-12_2018-Final-copie-210x300.jpg 210w\" sizes=\"(max-width: 588px) 100vw, 588px\" \/><\/figure>\n\n\n\n<figure class=\"wp-block-image size-large\"><img loading=\"lazy\" width=\"588\" height=\"525\" src=\"http:\/\/leclaireur.ovh\/wp-content\/uploads\/2021\/03\/Dauphine-23_03_2019-Final-copie-C.jpg\" alt=\"\" class=\"wp-image-792\" srcset=\"http:\/\/leclaireur.ovh\/wp-content\/uploads\/2021\/03\/Dauphine-23_03_2019-Final-copie-C.jpg 588w, http:\/\/leclaireur.ovh\/wp-content\/uploads\/2021\/03\/Dauphine-23_03_2019-Final-copie-C-300x268.jpg 300w\" sizes=\"(max-width: 588px) 100vw, 588px\" \/><\/figure>\n\n\n\n<figure class=\"wp-block-image size-large\"><img loading=\"lazy\" width=\"588\" height=\"431\" src=\"http:\/\/leclaireur.ovh\/wp-content\/uploads\/2021\/03\/Dauphine-28_03_2019-Final-copie-C.jpg\" alt=\"\" class=\"wp-image-793\" srcset=\"http:\/\/leclaireur.ovh\/wp-content\/uploads\/2021\/03\/Dauphine-28_03_2019-Final-copie-C.jpg 588w, http:\/\/leclaireur.ovh\/wp-content\/uploads\/2021\/03\/Dauphine-28_03_2019-Final-copie-C-300x220.jpg 300w\" sizes=\"(max-width: 588px) 100vw, 588px\" \/><\/figure>\n\n\n\n<figure class=\"wp-block-image size-large\"><img loading=\"lazy\" width=\"588\" height=\"569\" src=\"http:\/\/leclaireur.ovh\/wp-content\/uploads\/2021\/03\/Tribune-04_04_2019-Final-copie-C.jpg\" alt=\"\" class=\"wp-image-794\" srcset=\"http:\/\/leclaireur.ovh\/wp-content\/uploads\/2021\/03\/Tribune-04_04_2019-Final-copie-C.jpg 588w, http:\/\/leclaireur.ovh\/wp-content\/uploads\/2021\/03\/Tribune-04_04_2019-Final-copie-C-300x290.jpg 300w\" sizes=\"(max-width: 588px) 100vw, 588px\" \/><\/figure>\n\n\n\n<p class=\"has-text-align-center has-large-font-size\"><strong><a href=\"http:\/\/leclaireur.ovh\/index.php\/dossier-de-presse\/\" target=\"_blank\" rel=\"noreferrer noopener\">DOSSIER DE PRESSE<\/a><\/strong><\/p>\n","protected":false},"excerpt":{"rendered":"<p>QUELQUES ARTICLES DE PRESSE Pour une lecture plus facile : Ouvrir la page dans un nouvel onglet (clic droit sur la page). Zoom possible. DOSSIER DE PRESSE<\/p>\n","protected":false},"author":1,"featured_media":0,"parent":0,"menu_order":0,"comment_status":"closed","ping_status":"closed","template":"","meta":{"spay_email":""},"jetpack_shortlink":"https:\/\/wp.me\/Pc8zyN-j","jetpack-related-posts":[{"id":573,"url":"http:\/\/leclaireur.ovh\/index.php\/toutes-les-discussions-ouvertes\/","url_meta":{"origin":19,"position":0},"title":"TOUTES LES DISCUSSIONS OUVERTES","date":"23 juillet 2020","format":false,"excerpt":"Ci-dessous les th\u00e8mes des \u00e9changes en cours Les \u00e9changes entre membres de la Tribu sont ouverts autours des textes suivants.Pour voir les textes entiers et rentrer dans les \u00e9changes, cliquez sur le lien en bas de page. PROPOSEZ VOS PROPRES TEXTES POUR UNE PARUTION DANS \"LES CAHIERS DE LE TRIBU\u2026","rel":"","context":"Article similaire","img":{"alt_text":"","src":"","width":0,"height":0},"classes":[]},{"id":588,"url":"http:\/\/leclaireur.ovh\/index.php\/pour-une-collectivite-equitable-discussions-echanges-et-commentaires-2\/","url_meta":{"origin":19,"position":1},"title":"Pour une COLLECTIVIT\u00c9 \u00c9QUITABLE Discussions, Echanges et Commentaires","date":"23 juillet 2020","format":false,"excerpt":"CRITIQUE SOCIAL et FORCE DE PROPOSITION ********* \u00a0 \"\u00a0Une fois la soci\u00e9t\u00e9 divis\u00e9e en deux classes, l\u2019exploitation de l\u2019homme par l\u2019homme devint une loi sociale, ...\/... ...\/...C\u2019est que, dans un \u00e9difice reposant sur des fondements mauvais, il ne suffit pas de r\u00e9parer le sommet pour tout am\u00e9liorer, il faut s\u2019attaquer\u2026","rel":"","context":"Article similaire","img":{"alt_text":"","src":"","width":0,"height":0},"classes":[]},{"id":367,"url":"http:\/\/leclaireur.ovh\/index.php\/discussions-participations\/","url_meta":{"origin":19,"position":2},"title":"PO\u00c9SIE : DISCUSSIONS Echanges et Commentaires","date":"16 juin 2020","format":false,"excerpt":"\u00a0 Pour nos premiers \u00e9changes l\u2019\u00c9CLAIREUR propose : \"FORCE RESTE A LA LOI\"Devant ce crime abject, et sans preuve palpable,Force reste \u00e0 la loi, sans qui c\u2019est l\u2019anarchieQui tourmente la foule, il lui faut un coupable,Soulag\u00e9e de savoir que quelqu\u2019un est puni....\/...Le pouvoir des m\u00e9dias, la foule ostentatoire,Ont fini le\u2026","rel":"","context":"Article similaire","img":{"alt_text":"","src":"","width":0,"height":0},"classes":[]},{"id":598,"url":"http:\/\/leclaireur.ovh\/index.php\/shetches-et-scenettes-a-gogo-discussions-echanges-et-commentaires\/","url_meta":{"origin":19,"position":3},"title":"SHETCHES ET SC\u00c9NETTES A GOGO Discussions Echanges et Commentaires","date":"23 juillet 2020","format":false,"excerpt":"\u00a0 LAISSEZ-NOUS PARLER Les \u00e9changes sont ouverts autours des textes suivants.Pour voir les textes entiers et rentrer dans les \u00e9changes, cliquez sur le lien. Pour nos premiers \u00e9changes l\u2019\u00c9CLAIREUR propose : \"LAISSEZ NOUS PARLER !\" *\u00a0\u00ab\u00a0Putains, gigolos,Simples passants,Gens du haut, gens du bas,...\/...Troupe\u00a0: \u00ab\u00a0Mais laissez nous parler !,...\/...Troupe\u00a0: \u00ab\u00a0Changeons les\u2026","rel":"","context":"Article similaire","img":{"alt_text":"","src":"","width":0,"height":0},"classes":[]},{"id":310,"url":"http:\/\/leclaireur.ovh\/index.php\/participez\/","url_meta":{"origin":19,"position":4},"title":"POUR PARTICIPER : ABONNEZ-VOUS (Gratuit)","date":"3 juin 2020","format":false,"excerpt":"Pour devenir Membre de la Tribu, et PARTICIPER, abonnez-vous (en haut \u00e0 droite de la page d'accueil, d\u00e9sabonnement en 1 clic) pour recevoir votre Mot de Passe personnel. L\u2019\u00c9CLAIREUR, auteur, propose aux membres de la Tribu des \u00e9changes autours des sujets, des id\u00e9es, des pens\u00e9es pr\u00e9sent\u00e9s dans SES LIVRES.Choisissez le\u2026","rel":"","context":"Article similaire","img":{"alt_text":"","src":"","width":0,"height":0},"classes":[]},{"id":316,"url":"http:\/\/leclaireur.ovh\/index.php\/termes-et-conditions\/","url_meta":{"origin":19,"position":5},"title":"TERMES ET CONDITIONS","date":"5 juin 2020","format":false,"excerpt":"Conditions g\u00e9n\u00e9rales d'utilisation du site L\u2019\u00c9CLAIREUR ARTICLE 1 : Objet Les pr\u00e9sentes \u00ab conditions g\u00e9n\u00e9rales d'utilisation \u00bb ont pour objet l'encadrement juridique de l\u2019utilisation du site L\u2019\u00c9CLAIREUR et de ses services. Ce contrat est conclu entre : Le g\u00e9rant du site internet, ci-apr\u00e8s d\u00e9sign\u00e9 \u00ab\u00a0l\u2019\u00c9diteur\u00a0\u00bb, Toute personne physique ou morale\u2026","rel":"","context":"Article similaire","img":{"alt_text":"","src":"","width":0,"height":0},"classes":[]}],"_links":{"self":[{"href":"http:\/\/leclaireur.ovh\/index.php\/wp-json\/wp\/v2\/pages\/19"}],"collection":[{"href":"http:\/\/leclaireur.ovh\/index.php\/wp-json\/wp\/v2\/pages"}],"about":[{"href":"http:\/\/leclaireur.ovh\/index.php\/wp-json\/wp\/v2\/types\/page"}],"author":[{"embeddable":true,"href":"http:\/\/leclaireur.ovh\/index.php\/wp-json\/wp\/v2\/users\/1"}],"replies":[{"embeddable":true,"href":"http:\/\/leclaireur.ovh\/index.php\/wp-json\/wp\/v2\/comments?post=19"}],"version-history":[{"count":10,"href":"http:\/\/leclaireur.ovh\/index.php\/wp-json\/wp\/v2\/pages\/19\/revisions"}],"predecessor-version":[{"id":802,"href":"http:\/\/leclaireur.ovh\/index.php\/wp-json\/wp\/v2\/pages\/19\/revisions\/802"}],"wp:attachment":[{"href":"http:\/\/leclaireur.ovh\/index.php\/wp-json\/wp\/v2\/media?parent=19"}],"curies":[{"name":"wp","href":"https:\/\/api.w.org\/{rel}","templated":true}]}}